the thousands digit of 1332225?
2
What is the thousands digit of 3572481?
2
What is the units digit of 1291249?
9
What is the hundred thousands digit of 1009352?
0
What is the tens digit of 37129105?
0
What is the hundred thousands digit of 660947?
6
What is the hundreds digit of 1336949?
9
What is the units digit of 6766741?
1
What is the hundreds digit of 296809?
8
What is the hundreds digit of 2325989?
9
What is the ten thousands digit of 1106238?
0
What is the millions digit of 3985623?
3
What is the ten thousands digit of 209233?
0
What is the tens digit of 938073?
7
What is the tens digit of 439025?
2
What is the thousands digit of 3232970?
2
What is the tens digit of 4120827?
2
What is the tens digit of 5165065?
6
What is the hundred thousands digit of 947958?
9
What is the hundreds digit of 9760998?
9
What is the ten thousands digit of 4970224?
7
What is the ten thousands digit of 797484?
9
What is the units digit of 1840784?
4
What is the thousands digit of 1504990?
4
What is the tens digit of 136849?
4
What is the hundred thousands digit of 438611?
4
What is the tens digit of 269995?
9
What is the thousands digit of 540542?
0
What is the hundred thousands digit of 4639406?
6
What is the hundred thousands digit of 219742?
2
What is the units digit of 210489?
9
What is the tens digit of 41244?
4
What is the tens digit of 216766?
6
What is the hundreds digit of 2697381?
3
What is the thousands digit of 140585?
0
What is the hundreds digit of 1740674?
6
What is the thousands digit of 120125?
0
What is the hundred thousands digit of 614087?
6
What is the tens digit of 118248?
4
What is the hundreds digit of 4222156?
1
What is the units digit of 3332064?
4
What is the tens digit of 36090176?
7
What is the ten thousands digit of 12497?
1
What is the units digit of 28830018?
8
What is the thousands digit of 55774?
5
What is the thousands digit of 16478135?
8
What is the tens digit of 343913?
1
What is the hundred thousands digit of 5367394?
3
What is the ten thousands digit of 266671?
6
What is the thousands digit of 21680?
1
What is the hundreds digit of 14428755?
7
What is the hundreds digit of 201747?
7
What is the tens digit of 11000783?
8
What is the ten thousands digit of 43214?
4
What is the units digit of 380006?
6
What is the ten thousands digit of 239968?
3
What is the millions digit of 5139493?
5
What is the tens digit of 47278?
7
What is the tens digit of 3250353?
5
What is the ten thousands digit of 3951398?
5
What is the hundreds digit of 2246504?
5
What is the thousands digit of 5273285?
3
What is the tens digit of 7957486?
8
What is the tens digit of 214601?
0
What is the units digit of 107570?
0
What is the thousands digit of 13162261?
2
What is the tens digit of 156888?
8
What is the units digit of 17725?
5
What is the hundreds digit of 1692316?
3
What is the units digit of 869258?
8
What is the ten thousands digit of 23614093?
1
What is the thousands digit of 1432644?
2
What is the units digit of 330600?
0
What is the millions digit of 4979970?
4
What is the units digit of 448953?
3
What is the ten millions digit of 16764202?
1
What is the hundreds digit of 253341?
3
What is the ten thousands digit of 18460486?
6
What is the tens digit of 5863100?
0
What is the units digit of 8302818?
8
What is the hundred thousands digit of 3321721?
3
What is the hundred thousands digit of 4498512?
4
What is the thousands digit of 246800?
6
What is the tens digit of 387355?
5
What is the hundreds digit of 3526067?
0
What is the hundreds digit of 383342?
3
What is the tens digit of 8105315?
1
What is the units digit of 1664597?
7
What is the hundred thousands digit of 449629?
4
What is the tens digit of 18055?
5
What is the thousands digit of 362370?
2
What is the tens digit of 658335?
3
What is the tens digit of 22982326?
2
What is the hundreds digit of 919858?
8
What is the thousands digit of 1217602?
7
What is the ten millions digit of 29718053?
2
What is the hundred thousands digit of 303643?
3
What is the thousands digit of 176033?
6
What is the tens digit of 79323?
2
What is the hundred thousands digit of 26599167?
5
What is the hundred thousands digit of 170040?
1
What is the units digit of 12296385?
5
What is the units digit of 291414?
4
What is the tens digit of 2302195?
9
What is the thousands digit of 1630835?
0
What is the hundreds digit of 6587041?
0
What is the hundreds digit of 314780?
7
What is the thousands digit of 2038027?
8
What is the ten millions digit of 12038625?
1
What is the millions digit of 4591494?
4
What is the hundred thousands digit of 1602765?
6
What is the hundreds digit of 65509?
5
What is the ten thousands digit of 119484?
1
What is the hundred thousands digit of 5052899?
0
What is the units digit of 192456?
6
What is the thousands digit of 21794582?
4
What is the tens digit of 716880?
8
What is the units digit of 290304?
4
What is the tens digit of 5215234?
3
What is the hundred thousands digit of 243845?
2
What is the units digit of 408846?
6
What is the hundred thousands digit of 243375?
2
What is the tens digit of 115321?
2
What is the millions digit of 3591568?
3
What is the units digit of 79340?
0
What is the ten thousands digit of 23659?
2
What is the thousands digit of 170834?
0
What is the thousands digit of 134045?
4
What is the millions digit of 9711382?
9
What is the thousands digit of 8757882?
7
What is the hundreds digit of 479847?
8
What is the hundreds digit of 60274?
2
What is the ten millions digit of 25537511?
2
What is the units digit of 36884?
4
What is the hundreds digit of 901044?
0
What is the millions digit of 1953880?
1
What is the hundreds digit of 620002?
0
What is the tens digit of 1550043?
4
What is the ten thousands digit of 691408?
9
What is the ten millions digit of 13368671?
1
What is the tens digit of 3614359?
5
What is the units digit of 199595?
5
What is the tens digit of 273287?
8
What is the ten thousands digit of 5617394?
1
What is the tens digit of 342330?
3
What is the hundreds digit of 2743056?
0
What is the hundred thousands digit of 2817203?
8
What is the tens digit of 964834?
3
What is the ten thousands digit of 9447092?
4
What is the units digit of 185209?
9
What is the hundreds digit of 673348?
3
What is the thousands digit of 38123?
8
What is the thousands digit of 929113?
9
What is the units digit of 14321692?
2
What is the hundreds digit of 448921?
9
What is the millions digit of 22318714?
2
What is the thousands digit of 3165818?
5
What is the ten thousands digit of 839925?
3
What is the tens digit of 1389709?
0
What is the units digit of 2276022?
2
What is the hundreds digit of 9678398?
3
What is the ten thousands digit of 209075?
0
What is the thousands digit of 1521330?
1
What is the thousands digit of 74902?
4
What is the thousands digit of 1519969?
9
What is the thousands digit of 193137?
3
What is the thousands digit of 89150?
9
What is the thousands digit of 25302?
5
What is the units digit of 11833464?
4
What is the hundreds digit of 9012713?
7
What is the millions digit of 3272475?
3
What is the hundred thousands digit of 1878735?
8
What is the hundreds digit of 26283469?
4
What is the units digit of 1112321?
1
What is the ten thousands digit of 43399246?
9
What is the tens digit of 313178?
7
What is the tens digit of 15800015?
1
What is the hundreds digit of 565282?
2
What is the tens digit of 40501?
0
What is the units digit of 9170427?
7
What is the hundred thousands digit of 5568765?
5
What is the ten thousands digit of 354315?
5
What is the ten thousands digit of 362186?
6
What is the thousands digit of 25089283?
9
What is the millions digit of 2450536?
2
What is the ten thousands digit of 2318505?
1
What is the hundred thousands digit of 231248?
2
What is the thousands digit of 5267576?
7
What is the thousands digit of 3910159?
0
What is the hundreds digit of 5105455?
4
What is the ten thousands digit of 192172?
9
What is the thousands digit of 3373789?
3
What is the thousands digit of 6770?
6
What is the thousands digit of 5221905?
1
What is the ten thousands digit of 17373137?
7
What is the thousands digit of 2902408?
2
What is the millions digit of 2894049?
2
What is the tens digit of 28863928?
2
What is the thousands digit of 902